12855?
13544
In base 13, what is -75 - 3b92115?
-3b9218a
In base 5, what is 24204 + -1433441?
-1404232
In base 3, what is -101 + -100211111110011?
-100211111110112
In base 15, what is 487c + 752?
50ce
In base 10, what is -5 - -169472588?
169472583
In base 5, what is 101 - 1303030?
-1302424
In base 9, what is 301780301 - -1?
301780302
In base 5, what is 403 - -244311304?
244312212
In base 14, what is 24c6a79 + 2?
24c6a7b
In base 16, what is -9 + 7c6c2?
7c6b9
In base 8, what is 35 - 1126615?
-1126560
In base 7, what is 1123514633 - -2?
1123514635
In base 8, what is -4306 - 21060?
-25366
In base 9, what is -16058 + 6507?
-8451
In base 10, what is -493252 - -3?
-493249
In base 11, what is -392 + -69182?
-69564
In base 7, what is -110 + -14356554?
-14356664
In base 7, what is 2 - -415320253?
415320255
In base 5, what is 10 - -22301221114?
22301221124
In base 10, what is -28 - -27788?
27760
In base 10, what is 200892 + 26?
200918
In base 7, what is 4360443 + -60?
4360353
In base 13, what is 472b7c + 28?
472ba7
In base 6, what is 12 - 5112355?
-5112343
In base 8, what is -3 - -1736450?
1736445
In base 13, what is -351518 + 5?
-351513
In base 16, what is -2b472 + -269?
-2b6db
In base 6, what is -2221451451 - -10?
-2221451441
In base 14, what is 2bc5 + -173?
2a52
In base 10, what is -27 - -58311921?
58311894
In base 7, what is -2 - -265401214?
265401212
In base 2, what is -100111110001101 - -10000011?
-100111100001010
In base 16, what is -d202 + -6e?
-d270
In base 8, what is -374 + 156433?
156037
In base 2, what is 1000110101001000111 - -110011?
1000110101001111010
In base 6, what is 5 - 1052113532?
-1052113523
In base 3, what is 11000211 + 1101202120?
1112210101
In base 9, what is 1180 + 55217?
56407
In base 14, what is 1dcc7 - -595?
2047c
In base 9, what is -1530 + 62382?
60752
In base 14, what is -2 - 43ba4b1?
-43ba4b3
In base 10, what is -14950 + -130?
-15080
In base 10, what is -27751315 - -4?
-27751311
In base 2, what is 1001100110100010011000111 + 10?
1001100110100010011001001
In base 8, what is -145771 - -22?
-145747
In base 8, what is -32730 - 24271?
-57221
In base 15, what is 206a + -177b8?
-1574d
In base 8, what is -13003 + 306?
-12475
In base 16, what is 7 - 9f430f?
-9f4308
In base 8, what is -5 - 4476766?
-4476773
In base 6, what is 103500545220 - -1?
103500545221
In base 3, what is 2222022201001200 - -11?
2222022201001211
In base 12, what is 467536a + -4?
4675366
In base 9, what is 1 + -1158345083?
-1158345082
In base 5, what is -2 + 1443223104?
1443223102
In base 13, what is 11b1885 - 4?
11b1881
In base 6, what is 2 + -1002404204?
-1002404202
In base 16, what is ba - -323b3?
3246d
In base 13, what is -168b5 - b7?
-1699c
In base 3, what is -202000021120010 - -11101?
-202000021101202
In base 4, what is 32231222332 - 1?
32231222331
In base 12, what is 14a4966 - 12?
14a4954
In base 8, what is -1660662 - -266?
-1660374
In base 7, what is -2135 - 421612?
-424050
In base 7, what is 2 + -462101000?
-462100665
In base 14, what is -27c2 + 2b7?
-2509
In base 3, what is -1102201101 - 100221?
-1110002022
In base 16, what is -29c1a - 12f?
-29d49
In base 2, what is -1111101100000010001 + 11011011?
-1111101011100110110
In base 16, what is 3 + 16199c?
16199f
In base 13, what is -5c3397c5 - 1?
-5c3397c6
In base 5, what is 1423442420400 + 3?
1423442420403
In base 5, what is 10003411 - 12?
10003344
In base 2, what is 101101100101011100011010 + 1?
101101100101011100011011
In base 9, what is 6 - 55503778?
-55503772
In base 13, what is -1600 - 3225?
-4825
In base 11, what is 130a31 - 836?
1301a6
In base 13, what is 456 + -3ca65?
-3c60c
In base 10, what is 13347 + -18393?
-5046
In base 3, what is -22101221202012 - 12002?
-22101221221021
In base 15, what is 0 + 8247e3e?
8247e3e
In base 10, what is -3875 + -12201?
-16076
In base 11, what is 1a + -3152446?
-3152427
In base 15, what is -86 - 5ca68?
-5caee
In base 6, what is -1401 - -2540551?
2535150
In base 6, what is -1543 - -43344?
41401
In base 12, what is -17950 + -66?
-179b6
In base 14, what is 775256 + -14?
775242
In base 8, what is 24 + -21544135?
-21544111
In base 9, what is -587 + -62524?
-63222
In base 16, what is -1b + -6c1337?
-6c1352
In base 16, what is 4e538 + ae?
4e5e6
In base 16, what is 24acd1 - -5d?
24ad2e
In base 2, what is 10010110 + 10101010101101001?
10101010111111111
In base 6, what is 25501 + 23223?
53124
In base 10, what is -6 + -1394078?
-1394084
In base 3, what is 11222122121 - -1200001?
12001022122
In base 11, what is 5 - 3a42982?
-3a42978
In base 16, what is -1 + 467007?
467006
In base 9, what is -3812614 - 43?
-3812657
In base 11, what is -5 - -4515845a?
45158455
In base 14, what is -c49 - -19d8?
b8d
In base 8, what is 4144513 + 0?
4144513
In base 13, what is 194 + -2c2875?
-2c26b1
In base 11, what is -214490000 + 0?
-214490000
In base 15, what is 915 + -648d?
-5a78
In base 3, what is -112122 + -202202012022?
-202202201221
In base 6, what is -241214 + 1340?
-235434
In base 2, what is 11001101100000100 + -11100100010?
11001001111100010
In base 3, what is 10 + 11101102200212?
11101102200222
In base 14, what is -1b + -4ca808?
-4ca825
In base 8, what is 27150 - -4460?
33630
In base 11, what is -4 - -213401?
2133a8
In base 14, what is -1528 - 2551?
-3a79
In base 9, what is 4 - 118164843?
-118164838
In base 8, what is -11043114 - 57?
-11043173
In base 3, what is -1202 - 11011021120?
-11011100022
In base 5, what is 14313104 + -4243?
14303311
In base 4, what is 1123012011212 + 0?
1123012011212
In base 16, what is 1ce7 + 7cc?
24b3
In base 12, what is 7 - 30577?
-30570
In base 10, what is -141335293 + -1?
-141335294
In base 15, what is -10185c2 + d?
-10185b4
In base 12, what is 40abbb3a + 3?
40abbb41
In base 11, what is 2 - -114a082?
114a084
In base 4, what is -1110030300 + 132?
-1110030102
In base 2, what is 1000 - 101000110000001111010?
-101000110000001110010
In base 9, what is -12610136 + -10?
-12610146
In base 12, what is 24289448 + 0?
24289448
In base 6, what is -135 + 351423?
351244
In base 6, what is -141 - -14051143?
14051002
In base 14, what is -4 - -6475904?
6475900
In base 16, what is 8f45 + -366?
8bdf
In base 5, what is 4 - 312312243?
-312312234
In base 15, what is -4 - -8601e3b?
8601e37
In base 2, what is 1 - -100000110101110001001100?
100000110101110001001101
In base 16, what is 27131b77 + 2?
27131b79
In base 3, what is -10022010 - -10100221011?
10020122001
In base 16, what is -27a66 + 13?
-27a53
In base 6, what is -1110542031 - 11?
-1110542042
In base 5, what is -12143 + 21123323?
21111130
In base 5, what is 13214403201 + -2?
13214403144
In base 5, what is 3020311 + -12033?
3003223
In base 10, what is 123 - -1943769?
1943892
In base 11, what is -3 - 557297?
-55729a
In base 15, what is 2 - 42da51?
-42da4e
In base 8, what is 0 + -53040542?
-53040542
In base 10, what is 2 - -16276685?
16276687
In base 10, what is -6660 - -16812?
10152
In base 7, what is -1005345223 - 6?
-1005345232
In base 5, what is 12 + 1214113123?
1214113140
In base 4, what is 121132233 - 12011?
121120222
In base 4, what is -10030220 + -130201?
-10221021
In base 12, what is -2957 + -3b66?
-6901
In base 3, what is 1120010010 - 1012212012?
100020221
In base 4, what is -11020200320 - 20?
-11020201000
In base 15, what is -1e1e + -61e5?
-8114
In base 10, what is 90900580 - -3?
90900583
In base 15, what is -264 + -471b?
-4980
In base 6, what is 412525 - 3415?
405110
In base 4, what is -201110120023 + 3?
-201110120020
In base 9, what is 10 - 1601716?
-1601706
In base 15, what is -5c41b - 47?
-5c463
In base 14, what is 16c95 + -80?
16c15
In base 12, what is 0 + -15465267?
-15465267
In base 9, what is -7546 + -13?
-7560
In base 5, what is 231212200 - -24?
231212224
In base 7, what is 23046 + 50022?
103101
In base 13, what is 1a828269 + -4?
1a828265
In base 5, what is 13 + -12344431?
-12344413
In base 3, what is 20220110210120 + -1112?
20220110202001
In base 8, what is -124205561 + 4?
-124205555
In base 15, what is 0 + -992591?
-992591
In base 14, what is 26491d2 - 5?
26491cb
In base 7, what is -13 + 220060643?
220060630
In base 3, what is 10210002011 - 112220?
10202112021
In base 11, what is 444a2 - 112?
44390
In base 16, what is -71d652 + -1?
-71d653
In base 8, what is 134350756 - -2?
134350760
In base 13, what is -3